{"id":513,"date":"2023-08-25T10:00:20","date_gmt":"2023-08-25T08:00:20","guid":{"rendered":"http:\/\/veletrh.hejkal.cz\/?page_id=513"},"modified":"2025-10-13T19:21:48","modified_gmt":"2025-10-13T17:21:48","slug":"ceny-za-nejkrasnejsi-knihy-veletrhu-2","status":"publish","type":"page","link":"http:\/\/www.hejkal.cz\/veletrh\/informace-pro-vystavovatele\/ceny-za-nejkrasnejsi-knihy-veletrhu-2\/","title":{"rendered":"Ceny za nejkr\u00e1sn\u011bj\u0161\u00ed knihy veletrhu"},"content":{"rendered":"<div>\n<div>\n<p>Leto\u0161n\u00ed cenu <strong>za nejkr\u00e1sn\u011bj\u0161\u00ed knihu Kraje Vyso\u010dina<\/strong> (100\u00a0000 K\u010d, polovina pro autora a polovina pro nakladatele) z\u00edskala kniha <strong>Havl\u00ed\u010dk\u016fv Brod \u2013 m\u011bsto na rozhran\u00ed<\/strong>. Na jeho vzniku se pod\u00edlelo\u00a011 autor\u016f v \u010dele s historikem <strong>Michalem Kampem<\/strong>. Vydaly jej\u00a0Tisk\u00e1rny Havl\u00ed\u010dk\u016fv Brod, a.s. Na druh\u00e9m m\u00edst\u011b v t\u00e9to kategorii se um\u00edstily hned dv\u011b knihy, kter\u00e9 od poroty dostaly shodn\u00fd po\u010det bod\u016f. Jsou to tituly\u00a0<strong>C\u00edrkevn\u00ed pam\u00e1tky v Havl\u00ed\u010dkov\u011b Brod\u011b<\/strong>, na kter\u00e9m se pod\u00edlel\u00a0kolektiv autor\u016f pod veden\u00edm editora<strong> Martina Firona<\/strong>\u00a0a kter\u00fd vydala\u00a0Galerie a muzeum Vyso\u010diny Havl\u00ed\u010dk\u016fv Brod, a kniha\u00a0<strong>Za tichem \u2013 Krabatinsk\u00e1 Vyso\u010dina<\/strong>. Tu napsal\u00a0<strong>Milo\u0161 Dole\u017eal<\/strong> a vydalo\u00a0nakladatelstv\u00ed Motto ze spole\u010dnosti Albatros Media.\u00a0I t\u0159et\u00ed m\u00edsto obsadila dvojice knih, kter\u00e9 od poroty obdr\u017eely stejn\u00fd po\u010det bod\u016f. Jsou to publikace\u00a0<strong>Pam\u011b\u0165 Vesel\u00e9ho \u017d\u010f\u00e1ru<\/strong>, kterou si sami napsali a pod hlavi\u010dkou\u00a0Spolku Sousedsk\u00e1\u00a0vydali\u00a0obyvatel\u00e9<strong>\u00a0<\/strong>obce Vesel\u00fd \u017d\u010f\u00e1r na Havl\u00ed\u010dkobrodsku, a kniha\u00a0<strong>V\u016fn\u011b star\u00e9 apatyky: P\u0159\u00edb\u011bh l\u00e9k\u00e1ren N\u011bmeck\u00e9ho Brodu<\/strong>. Tu napsal a vydal\u00a0<strong>V\u00edt Vodr\u00e1\u017eka<\/strong>.<\/p>\n<p><strong>Cenu m\u011bsta Havl\u00ed\u010dkova Brodu<\/strong> za nejkr\u00e1sn\u011bj\u0161\u00ed knihu Podzimn\u00edho kni\u017en\u00edho veletrhu z\u00edskala kniha\u00a0<strong>Hynais<\/strong>. Tento dvousvazkov\u00fd, velkoform\u00e1tov\u00fd titul vydalo\u00a0nakladatelstv\u00ed Academia\u00a0a\u00a0Galerie KODL. Jeho autorkou je\u00a0<strong>Marie M\u017eykov\u00e1<\/strong>. Na druh\u00e9m m\u00edst\u011b v t\u00e9to kategorii se um\u00edstila kniha\u00a0<strong>Jan Bla\u017eej Santini a sv\u011bt jeho architektury<\/strong>. Na jej\u00edm vzniku se pod\u00edlel\u00a0kolektiv autor\u016f pod veden\u00edm editora<strong> Jakuba Bacht\u00edka<\/strong>\u00a0a vydalo ji\u00a0N\u00e1rodn\u00ed technick\u00e9 muzeum<strong>\u00a0<\/strong>a<strong>\u00a0<\/strong>Karolinum, nakladatelstv\u00ed Univerzity Karlovy. T\u0159et\u00ed m\u00edsto obsadil titul\u00a0<strong>Such\u00fd a \u0160litr<\/strong>. Napsal jej\u00a0<strong>Pavel Klus\u00e1k<\/strong>\u00a0a vydalo\u00a0nakladatelstv\u00ed Host.<\/p>\n<p><strong>Cenu Tisk\u00e1ren Havl\u00ed\u010dk\u016fv Brod, a.s.<\/strong> za nejkr\u00e1sn\u011bj\u0161\u00ed d\u011btskou knihu (sleva na v\u00fdrobu publikace ve v\u00fd\u0161i 35\u00a0000 K\u010d) z\u00edskala kniha\u00a0<strong>Nezvuky<\/strong>, kterou napsala <strong>Mark\u00e9ta V\u00edtkov\u00e1<\/strong>\u00a0a vydal\u00a0Spolek pro Sedl\u010dansko a Kr\u00e1lov\u00e9hradecko. Na druh\u00e9m m\u00edst\u011b v t\u00e9to kategorii se um\u00edstil pozoruhodn\u00fd titul\u00a0<strong>Pod drnem\u00a0<\/strong>od\u00a0<strong>Kathariny von der Gathen<\/strong>, kter\u00fd vydalo\u00a0nakladatelstv\u00ed Cesta dom\u016f. T\u0159et\u00ed m\u00edsto obsadily hned t\u0159i knihy, kter\u00e9 od poroty dostaly stejn\u00fd po\u010det bod\u016f. Jsou jimi nov\u00e9 zpracov\u00e1n\u00ed titulu\u00a0<strong>Harry Potter a Tajemn\u00e1 komnata<\/strong>\u00a0od\u00a0<strong>J. K. Rowlingov\u00e9<\/strong>\u00a0(Albatros), a d\u00e1le kniha\u00a0<strong>Robina Kr\u00e1le Na pouti<\/strong>, vydan\u00e1\u00a0nakladatelstv\u00edm Meander. To vydalo i dal\u0161\u00ed knihu um\u00edst\u011bnou na t\u0159et\u00edm m\u00edst\u011b, a sice titul\u00a0<strong>Pozem\u0161\u0165an\u00e9<\/strong>\u00a0od\u00a0<strong>Ewy Solarz<\/strong>.<\/p>\n<p><strong>Anketu poslucha\u010d\u016f \u010cesk\u00e9ho rozhlasu Vyso\u010dina<\/strong> vyhr\u00e1la kniha <strong>Milo\u0161e Dole\u017eala Bu\u010f p\u0159ipraven k ud\u00e1n\u00ed<\/strong>. Dal\u0161\u00ed m\u00edsto ankety obsadil titul\u00a0<strong>Pam\u011b\u0165 Vesel\u00e9ho \u017d\u010f\u00e1ru<\/strong>. Ten pod editorsk\u00fdm a autorsk\u00fdm veden\u00edm\u00a0<strong>Petry Tajovsk\u00fd Posp\u011bchov\u00e9<\/strong>\u00a0sestavili a vydali sami obyvatel\u00e9 obce Vesel\u00fd \u017d\u010f\u00e1r na Havl\u00ed\u010dkobrodsku, a to pod hlavi\u010dkou\u00a0Spolku Sousedsk\u00e1. Na t\u0159et\u00ed p\u0159\u00ed\u010dce se um\u00edstila kniha\u00a0<strong>V\u016fn\u011b star\u00e9 apatyky: P\u0159\u00edb\u011bh l\u00e9k\u00e1ren N\u011bmeck\u00e9ho Brodu<\/strong>. Napsal ji a vydal\u00a0<strong>V\u00edt Vodr\u00e1\u017eka<\/strong>.<\/p>\n<p>V\u00edce informac\u00ed o v\u0161ech \u010dty\u0159ech cen\u00e1ch lze naj\u00edt na str\u00e1nk\u00e1ch Krajsk\u00e9 knihovny Vyso\u010diny: <a href=\"https:\/\/www.kkvysociny.cz\/archiv-novinek\/soutez-o-nejkrasnejsi-knihy-vitezove-2025\">Sout\u011b\u017e O nejkr\u00e1sn\u011bj\u0161\u00ed knihy \u2013 v\u00edt\u011bzov\u00e9 2025 | Krajsk\u00e1 knihovna Vyso\u010diny v Havl\u00ed\u010dkov\u011b Brod\u011b<\/a>.<\/p>\n<\/div>\n<div><\/div>\n<div><\/div>\n<div><\/div>\n<div><\/div>\n<div><\/div>\n<\/div>\n","protected":false},"excerpt":{"rendered":"<p>Leto\u0161n\u00ed cenu za nejkr\u00e1sn\u011bj\u0161\u00ed knihu Kraje Vyso\u010dina (100\u00a0000 K\u010d, polovina pro autora a polovina pro nakladatele) z\u00edskala kniha Havl\u00ed\u010dk\u016fv Brod \u2013 m\u011bsto na rozhran\u00ed. Na jeho vzniku se pod\u00edlelo\u00a011 autor\u016f v \u010dele s historikem Michalem Kampem. Vydaly jej\u00a0Tisk\u00e1rny Havl\u00ed\u010dk\u016fv Brod, a.s. Na druh\u00e9m m\u00edst\u011b v t\u00e9to kategorii se um\u00edstily hned dv\u011b knihy, kter\u00e9 od poroty &hellip; <a href=\"http:\/\/www.hejkal.cz\/veletrh\/informace-pro-vystavovatele\/ceny-za-nejkrasnejsi-knihy-veletrhu-2\/\" class=\"more-link\">Pokra\u010dov\u00e1n\u00ed textu <span class=\"screen-reader-text\">Ceny za nejkr\u00e1sn\u011bj\u0161\u00ed knihy veletrhu<\/span><\/a><\/p>\n","protected":false},"author":3,"featured_media":0,"parent":38,"menu_order":0,"comment_status":"closed","ping_status":"closed","template":"","meta":[],"_links":{"self":[{"href":"http:\/\/www.hejkal.cz\/veletrh\/wp-json\/wp\/v2\/pages\/513"}],"collection":[{"href":"http:\/\/www.hejkal.cz\/veletrh\/wp-json\/wp\/v2\/pages"}],"about":[{"href":"http:\/\/www.hejkal.cz\/veletrh\/wp-json\/wp\/v2\/types\/page"}],"author":[{"embeddable":true,"href":"http:\/\/www.hejkal.cz\/veletrh\/wp-json\/wp\/v2\/users\/3"}],"replies":[{"embeddable":true,"href":"http:\/\/www.hejkal.cz\/veletrh\/wp-json\/wp\/v2\/comments?post=513"}],"version-history":[{"count":49,"href":"http:\/\/www.hejkal.cz\/veletrh\/wp-json\/wp\/v2\/pages\/513\/revisions"}],"predecessor-version":[{"id":3092,"href":"http:\/\/www.hejkal.cz\/veletrh\/wp-json\/wp\/v2\/pages\/513\/revisions\/3092"}],"up":[{"embeddable":true,"href":"http:\/\/www.hejkal.cz\/veletrh\/wp-json\/wp\/v2\/pages\/38"}],"wp:attachment":[{"href":"http:\/\/www.hejkal.cz\/veletrh\/wp-json\/wp\/v2\/media?parent=513"}],"curies":[{"name":"wp","href":"https:\/\/api.w.org\/{rel}","templated":true}]}}

Ceny za nejkrásnější knihy veletrhu

<div>
<div>
<p>Letošní cenu <strong>za nejkrásnější knihu Kraje Vysočina</strong> (100 000 Kč, polovina pro autora a polovina pro nakladatele) získala kniha <strong>Havlíčkův Brod – město na rozhraní</strong>. Na jeho vzniku se podílelo 11 autorů v čele s historikem <strong>Michalem Kampem</strong>. Vydaly jej Tiskárny Havlíčkův Brod, a.s. Na druhém místě v této kategorii se umístily hned dvě knihy, které od poroty dostaly shodný počet bodů. Jsou to tituly <strong>Církevní památky v Havlíčkově Brodě</strong>, na kterém se podílel kolektiv autorů pod vedením editora<strong> Martina Firona</strong> a který vydala Galerie a muzeum Vysočiny Havlíčkův Brod, a kniha <strong>Za tichem – Krabatinská Vysočina</strong>. Tu napsal <strong>Miloš Doležal</strong> a vydalo nakladatelství Motto ze společnosti Albatros Media. I třetí místo obsadila dvojice knih, které od poroty obdržely stejný počet bodů. Jsou to publikace <strong>Paměť Veselého Žďáru</strong>, kterou si sami napsali a pod hlavičkou Spolku Sousedská vydali obyvatelé<strong> </strong>obce Veselý Žďár na Havlíčkobrodsku, a kniha <strong>Vůně staré apatyky: Příběh lékáren Německého Brodu</strong>. Tu napsal a vydal <strong>Vít Vodrážka</strong>.</p>
<p><strong>Cenu města Havlíčkova Brodu</strong> za nejkrásnější knihu Podzimního knižního veletrhu získala kniha <strong>Hynais</strong>. Tento dvousvazkový, velkoformátový titul vydalo nakladatelství Academia a Galerie KODL. Jeho autorkou je <strong>Marie Mžyková</strong>. Na druhém místě v této kategorii se umístila kniha <strong>Jan Blažej Santini a svět jeho architektury</strong>. Na jejím vzniku se podílel kolektiv autorů pod vedením editora<strong> Jakuba Bachtíka</strong> a vydalo ji Národní technické muzeum<strong> </strong>a<strong> </strong>Karolinum, nakladatelství Univerzity Karlovy. Třetí místo obsadil titul <strong>Suchý a Šlitr</strong>. Napsal jej <strong>Pavel Klusák</strong> a vydalo nakladatelství Host.</p>
<p><strong>Cenu Tiskáren Havlíčkův Brod, a.s.</strong> za nejkrásnější dětskou knihu (sleva na výrobu publikace ve výši 35 000 Kč) získala kniha <strong>Nezvuky</strong>, kterou napsala <strong>Markéta Vítková</strong> a vydal Spolek pro Sedlčansko a Královéhradecko. Na druhém místě v této kategorii se umístil pozoruhodný titul <strong>Pod drnem </strong>od <strong>Kathariny von der Gathen</strong>, který vydalo nakladatelství Cesta domů. Třetí místo obsadily hned tři knihy, které od poroty dostaly stejný počet bodů. Jsou jimi nové zpracování titulu <strong>Harry Potter a Tajemná komnata</strong> od <strong>J. K. Rowlingové</strong> (Albatros), a dále kniha <strong>Robina Krále Na pouti</strong>, vydaná nakladatelstvím Meander. To vydalo i další knihu umístěnou na třetím místě, a sice titul <strong>Pozemšťané</strong> od <strong>Ewy Solarz</strong>.</p>
<p><strong>Anketu posluchačů Českého rozhlasu Vysočina</strong> vyhrála kniha <strong>Miloše Doležala Buď připraven k udání</strong>. Další místo ankety obsadil titul <strong>Paměť Veselého Žďáru</strong>. Ten pod editorským a autorským vedením <strong>Petry Tajovský Pospěchové</strong> sestavili a vydali sami obyvatelé obce Veselý Žďár na Havlíčkobrodsku, a to pod hlavičkou Spolku Sousedská. Na třetí příčce se umístila kniha <strong>Vůně staré apatyky: Příběh lékáren Německého Brodu</strong>. Napsal ji a vydal <strong>Vít Vodrážka</strong>.</p>
<p>Více informací o všech čtyřech cenách lze najít na stránkách Krajské knihovny Vysočiny: <a href="https://www.kkvysociny.cz/archiv-novinek/soutez-o-nejkrasnejsi-knihy-vitezove-2025">Soutěž O nejkrásnější knihy – vítězové 2025 | Krajská knihovna Vysočiny v Havlíčkově Brodě</a>.</p>
</div>
<div></div>
<div></div>
<div></div>
<div></div>
<div></div>
</div>

<p>Letošní cenu za nejkrásnější knihu Kraje Vysočina (100 000 Kč, polovina pro autora a polovina pro nakladatele) získala kniha Havlíčkův Brod – město na rozhraní. Na jeho vzniku se podílelo 11 autorů v čele s historikem Michalem Kampem. Vydaly jej Tiskárny Havlíčkův Brod, a.s. Na druhém místě v této kategorii se umístily hned dvě knihy, které od poroty &hellip; <a href="http://www.hejkal.cz/veletrh/informace-pro-vystavovatele/ceny-za-nejkrasnejsi-knihy-veletrhu-2/" class="more-link">Pokračování textu <span class="screen-reader-text">Ceny za nejkrásnější knihy veletrhu</span></a></p>
