{"id":40,"date":"2023-07-04T19:07:16","date_gmt":"2023-07-04T17:07:16","guid":{"rendered":"https:\/\/hbveletrh.wordpress.com\/?page_id=40"},"modified":"2026-01-16T12:05:16","modified_gmt":"2026-01-16T11:05:16","slug":"ubytovani-v-havlickove-brode-a-okoli","status":"publish","type":"page","link":"http:\/\/www.hejkal.cz\/veletrh\/informace-pro-vystavovatele\/ubytovani-v-havlickove-brode-a-okoli\/","title":{"rendered":"Ubytov\u00e1n\u00ed v Havl\u00ed\u010dkov\u011b Brod\u011b a okol\u00ed + \u010d\u00edsla tax\u00edk\u016f"},"content":{"rendered":"<ul>\n<li style=\"list-style-type: none;\">\n<ul>\n<li style=\"list-style-type: none;\">\n<ul>\n<li style=\"list-style-type: none;\">\n<ul>\n<li style=\"list-style-type: none;\">\n<ul>\n<li><strong>Hasi\u010dsk\u00fd<\/strong> <strong>hotel<\/strong> <strong>P\u0159ibyslav<\/strong>, Husova 385, P\u0159ibyslav, hotel u n\u00e1dra\u017e\u00ed v P\u0159ibyslavi, cca 18 minut vlakem nebo autem z Havl\u00ed\u010dkova Brodu, dvoul\u016f\u017ekov\u00fd pokoj stoj\u00ed 1600 K\u010d, tel. 775 150 650, <a href=\"recepce@hasicskyhotel.cz\">recepce@hasicskyhotel.cz, <\/a>\u00a0<a href=\"https:\/\/www.hasicskyhotel.cz\/\">https:\/\/www.hasicskyhotel.cz\/<\/a>. <span style=\"color: #ff0000;\"><strong>NOV\u00c9<\/strong><\/span><\/li>\n<li><strong>Z\u00e1mek Kvasetice<\/strong>, Kvasetice 20, 580 01 Havl\u00ed\u010dk\u016fv Brod, luxusn\u00ed ubytov\u00e1n\u00ed na z\u00e1mku cca 7 km od Havl\u00ed\u010dkova Brodu, tel. 731 865 691, e-mail\u00a0<span style=\"color: #3366ff;\"><a style=\"color: #3366ff;\" href=\"mailto:recepce@zamek-kvasetice.com\">recepce@zamek-kvasetice.com<\/a><\/span>,\u00a0<span style=\"color: #3366ff;\"><a style=\"color: #3366ff;\" href=\"http:\/\/www.zamek-kvasetice.com\">http:\/\/www.zamek-kvasetice.com<\/a>, <strong><span style=\"color: #ff0000;\">NOV\u00c9<\/span><\/strong><\/span><\/li>\n<li><strong>Penzion Hurik\u00e1n 63<\/strong>, U stadionu 2116, 580 01 Havl\u00ed\u010dk\u016fv Brod,\u00a0 \u00a0 \u00a0 \u00a0 \u00a0tel. 602 184 007, e-mail <a href=\"info@hurikan63.cz\">info@hurikan63.cz<\/a>, <a href=\"http:\/\/www.hurikan63.cz\/\">http:\/\/www.hurikan63.cz\/<\/a><\/li>\n<li><strong>Hotel\u00a0Brixen<\/strong>, Jir\u00e1skova 906, 580 01 Havl\u00ed\u010dk\u016fv Brod, tel. 727 853 859, e-mail <a href=\"mailto:rezidence.hbrod@brixen.cz\"><u><span style=\"color: #0066cc;\">hotel.hb@brixen.cz<\/span><\/u><\/a>, <a href=\"http:\/\/www.brixen.cz\"><u><span style=\"color: #0066cc;\">www.brixen.cz<\/span><\/u><\/a><\/li>\n<li><strong>Hotel U zlat\u00e9ho lva<\/strong>, Havl\u00ed\u010dkovo n\u00e1m\u011bst\u00ed 176, 580 01 Havl\u00ed\u010dk\u016fv Brod tel. 569 420 276, e-mail <a href=\"mailto:hotel@uzlateholva.cz\"><u><span style=\"color: #0066cc;\">hotel@uzlateholva.cz<\/span><\/u><\/a>, <a href=\"http:\/\/www.uzlateholva.cz\/\"><u><span style=\"color: #0066cc;\">www.uzlateholva.cz<\/span><\/u><\/a><\/li>\n<li><strong>Penzion Starr<\/strong>, \u017di\u017ekova 3070, 580 01 Havl\u00ed\u010dk\u016fv Brod, tel. 569 426 000, e-mail <a href=\"mailto:recepce@starr.cz\"><u><span style=\"color: #0066cc;\">recepce@starr.cz<\/span><\/u><\/a>, <a href=\"http:\/\/www.starr.cz\/\"><u><span style=\"color: #0066cc;\">www.starr.cz<\/span><\/u><\/a><\/li>\n<li><strong>Hotel Vyso\u010dina<\/strong>, N\u00e1m\u011bst\u00ed T. G. Masaryka 202, 583 01 <strong>Chot\u011bbo\u0159<\/strong> (15 km od Havl\u00ed\u010dkova Brodu), tel. 569 641 410, info@hotelvysocina.cz, <a href=\"https:\/\/www.hotelvysocina.cz\/\">https:\/\/www.hotelvysocina.cz\/<\/a>, <strong><span style=\"color: #ff0000;\">NOV\u00c9<\/span><\/strong><\/li>\n<li><strong>Z\u00e1mek \u00dasob\u00ed<\/strong>, \u00dasob\u00ed (10 minut autem od Havl\u00ed\u010dkova Brodu, 3 km od\u00a0exitu 104 z d\u00e1lnice D1), tel. 776 109 339, e-mail info@zamekusobi.cz, <a href=\"https:\/\/www.zamekusobi.cz\/\">www.zamekusobi.cz<\/a><\/li>\n<li><strong>Hotel Fabrika<\/strong>, \u0160koln\u00ed 511, 396 01 Humpolec (20 km od Havl\u00ed\u010dkova Brodu),\u00a0tel. 565 302 010, e-mail <a href=\"mailto:recepce@fabrikahotel.cz\">recepce@fabrikahotel.cz<\/a>,\u00a0<a href=\"http:\/\/fabrikahotel.cz\">fabrikahotel.cz<\/a><\/li>\n<li><b>Penzion Jantar<\/b>, Bezru\u010dova 143, 580 01 Havl\u00ed\u010dk\u016fv Brod, tel. 720 522 585, <a href=\"http:\/\/www.penzion-jantar.cz\/\">www.penzion-jantar.cz<\/a><\/li>\n<li><strong>Hotel Kotyza<\/strong>, Horn\u00ed n\u00e1m\u011bst\u00ed 5, 396 01 Humpolec, tel. 565 537 351, e-mail <a href=\"mailto:hotel@kotyza.cz\">hotel@kotyza.cz<\/a>, <a href=\"http:\/\/hotelkotyza.cz\">hotelkotyza.cz<\/a><\/li>\n<li><strong>Penzion U kulaka<\/strong>, Kv\u011btnov (7 km od HB sm\u011brem na Jihlavu), tel. 737 138 199, e-mail <a href=\"mailto:olijnyk@seznam.cz\">olijnyk@seznam.cz<\/a>, <a href=\"https:\/\/u-kulaka.webnode.cz\/\">u-kulaka.webnode.cz\/<\/a>.<\/li>\n<li><b>Hostinec a penzion U \u010cesk\u00e9 koruny<\/b>, 582 32 Lipnice nad S\u00e1zavou \u010d. p. 55, tel. 569 486 126, e-mail <a href=\"mailto:hasektour@email.cz\">hasektour@email.cz<\/a>, <a href=\"http:\/\/www.hasektour.cz\/\">www.hasektour.cz<\/a><\/li>\n<li><b>Pelestrovsk\u00e1 hosp\u016fdka a penzion<\/b>, Vesel\u00fd \u017d\u010f\u00e1r 97, 580 01 Havl\u00ed\u010dk\u016fv Brod, tel. 777 612 781, e-mail <a href=\"mailto:hospudka@pelestrov.cz\">hospudka@pelestrov.cz<\/a>, <a href=\"http:\/\/www.pelestrov.cz\/\">www.pelestrov.cz<\/a><\/li>\n<li><strong>Penzion Do\u010dkal\u016fv ml\u00fdn<\/strong>, Michalovice 23, 580 01 Havl\u00ed\u010dk\u016fv Brod, tel. 732 204 090, e-mail <a href=\"mailto:recepce@dockaluvmlyn.cz\">recepce@dockaluvmlyn.cz<\/a><\/li>\n<li><strong>Akademie stoln\u00edho tenisu<\/strong>, Jihlavsk\u00e1 985 (b\u00fdv. zem\u011bd\u011blsk\u00e1 \u0161kola), 580 01 Havl\u00ed\u010dk\u016fv Brod, tel. 606 705 889, e-mail <a href=\"mailto:hbostrov@seznam.cz\">hbostrov@seznam.cz<\/a>, (2-4 l\u016f\u017ekov\u00e9 pokoje, 600 K\u010d\/osoba\/noc)<\/li>\n<li><strong>Hostinec U Kroup\u016f<\/strong>, N\u00e1dra\u017en\u00ed 106, 580 01 Havl\u00ed\u010dk\u016fv Brod, e-mail <a href=\"mailto:daniel@fendrych.cz\">daniel@fendrych.cz<\/a>,\u00a0<a href=\"http:\/\/www.ukroupu.cz\">www.ukroupu.cz<\/a> (kousek od n\u00e1dra\u017e\u00ed, ceny od 350 K\u010d osoba\/noc)<\/li>\n<li><strong>Penzion Rozsochatec<\/strong>, 582 72 Rozsochatec 1, ubytov\u00e1n\u00ed v z\u00e1meck\u00e9m penzionu cca 11 km od Havl\u00ed\u010dkova Brodu, snadno dostupn\u00e9m vlakem, autobusem, tel. 606 644 740,\u00a0<span style=\"color: #3366ff;\">rozsochatec@gmail.com<\/span>,\u00a0<span style=\"color: #3366ff;\"><a style=\"color: #3366ff;\" href=\"http:\/\/www.zamekrozsochatec.cz\">www.zamekrozsochatec.cz<\/a><\/span><\/li>\n<li>Apartm\u00e1ny Hortus Vita, Lipnice nad S\u00e1zavou 318, tel. 774 168 148, e-mail <a href=\"mailto:info@hortusvita.cz\">info@hortusvita.cz<\/a>,\u00a0<a href=\"https:\/\/hortusvita.cz\/\">https:\/\/hortusvita.cz\/\u00a0<\/a><strong><span style=\"color: #ff0000;\">NOV\u00c9<\/span><\/strong><\/li>\n<\/ul>\n<\/li>\n<\/ul>\n<\/li>\n<\/ul>\n<\/li>\n<\/ul>\n<\/li>\n<li><strong>Taxi v Havl\u00ed\u010dkov\u011b Brod\u011b:<\/strong>737 514 345, 800 331 180, 776 447 422, 734 402 160<\/li>\n<\/ul>\n","protected":false},"excerpt":{"rendered":"<p>Hasi\u010dsk\u00fd hotel P\u0159ibyslav, Husova 385, P\u0159ibyslav, hotel u n\u00e1dra\u017e\u00ed v P\u0159ibyslavi, cca 18 minut vlakem nebo autem z Havl\u00ed\u010dkova Brodu, dvoul\u016f\u017ekov\u00fd pokoj stoj\u00ed 1600 K\u010d, tel. 775 150 650, recepce@hasicskyhotel.cz, \u00a0https:\/\/www.hasicskyhotel.cz\/. NOV\u00c9 Z\u00e1mek Kvasetice, Kvasetice 20, 580 01 Havl\u00ed\u010dk\u016fv Brod, luxusn\u00ed ubytov\u00e1n\u00ed na z\u00e1mku cca 7 km od Havl\u00ed\u010dkova Brodu, tel. 731 865 691, e-mail\u00a0recepce@zamek-kvasetice.com,\u00a0http:\/\/www.zamek-kvasetice.com, &hellip; <a href=\"http:\/\/www.hejkal.cz\/veletrh\/informace-pro-vystavovatele\/ubytovani-v-havlickove-brode-a-okoli\/\" class=\"more-link\">Pokra\u010dov\u00e1n\u00ed textu <span class=\"screen-reader-text\">Ubytov\u00e1n\u00ed v Havl\u00ed\u010dkov\u011b Brod\u011b a okol\u00ed + \u010d\u00edsla tax\u00edk\u016f<\/span><\/a><\/p>\n","protected":false},"author":3,"featured_media":0,"parent":38,"menu_order":0,"comment_status":"closed","ping_status":"closed","template":"","meta":[],"_links":{"self":[{"href":"http:\/\/www.hejkal.cz\/veletrh\/wp-json\/wp\/v2\/pages\/40"}],"collection":[{"href":"http:\/\/www.hejkal.cz\/veletrh\/wp-json\/wp\/v2\/pages"}],"about":[{"href":"http:\/\/www.hejkal.cz\/veletrh\/wp-json\/wp\/v2\/types\/page"}],"author":[{"embeddable":true,"href":"http:\/\/www.hejkal.cz\/veletrh\/wp-json\/wp\/v2\/users\/3"}],"replies":[{"embeddable":true,"href":"http:\/\/www.hejkal.cz\/veletrh\/wp-json\/wp\/v2\/comments?post=40"}],"version-history":[{"count":32,"href":"http:\/\/www.hejkal.cz\/veletrh\/wp-json\/wp\/v2\/pages\/40\/revisions"}],"predecessor-version":[{"id":3130,"href":"http:\/\/www.hejkal.cz\/veletrh\/wp-json\/wp\/v2\/pages\/40\/revisions\/3130"}],"up":[{"embeddable":true,"href":"http:\/\/www.hejkal.cz\/veletrh\/wp-json\/wp\/v2\/pages\/38"}],"wp:attachment":[{"href":"http:\/\/www.hejkal.cz\/veletrh\/wp-json\/wp\/v2\/media?parent=40"}],"curies":[{"name":"wp","href":"https:\/\/api.w.org\/{rel}","templated":true}]}}