{"id":2730,"date":"2025-04-16T10:49:19","date_gmt":"2025-04-16T08:49:19","guid":{"rendered":"https:\/\/www.hejkal.cz\/veletrh\/?page_id=2730"},"modified":"2025-10-13T19:19:43","modified_gmt":"2025-10-13T17:19:43","slug":"cena-predsedy-senatu-za-knihu-o-svobode","status":"publish","type":"page","link":"http:\/\/www.hejkal.cz\/veletrh\/cena-predsedy-senatu-za-knihu-o-svobode\/","title":{"rendered":"Cena p\u0159edsedy Sen\u00e1tu za knihu o svobod\u011b"},"content":{"rendered":"\n<p>V\u00fdznamnou novinkou 35. Podzimn\u00edho kni\u017en\u00edho veletrhu byla <strong>cena p\u0159edsedy Sen\u00e1tu Milo\u0161e Vystr\u010dila za knihu o svobod\u011b<\/strong>. Letos se ud\u00edlela poprv\u00e9 a z\u00edskal ji <strong>Petr T\u0159e\u0161\u0148\u00e1k<\/strong> za knihu D\u016fstojnost (vydalo Druh\u00e9 m\u011bsto).<\/p>\n\n\n\n<p>Knihy na Cenu p\u0159edsedy Sen\u00e1tu za knihu o svobod\u011b nominovali \u010dty\u0159i \u201ebookfluence\u0159i\u201c <strong>\u0160t\u011bp\u00e1nka Fefferov\u00e1<\/strong>, <strong>Jakub Pavlovsk\u00fd<\/strong>, <strong>Old\u0159ich Such\u00fd<\/strong> a <strong>Kamila V\u00ed\u0161kov\u00e1<\/strong>. Vyb\u00edrat mohli z p\u016fvodn\u00edch \u010desk\u00fdch d\u011bl, ve kter\u00fdch oni osobn\u011b spat\u0159uj\u00ed t\u00e9ma svobody, a kter\u00e1 z\u00e1rove\u0148 vy\u0161la v obdob\u00ed od ledna 2024 do srpna 2025. \u017d\u00e1nr knih nebyl omezen. Nominovali \u010dty\u0159i knihy \u2013 \u201edokument\u00e1rn\u00ed pov\u00eddky\u201c Bu\u010f p\u0159ipraven k ud\u00e1n\u00ed Milo\u0161e Dole\u017eala (Host), pov\u00eddky Barbory \u0160\u0165astn\u00e9 Prst\u00fdnek z dr\u00e1tu (Argo a Post bellum) a rom\u00e1n Kl\u00e1ry El\u0161\u00edkov\u00e9 Pacanka (Host) a D\u016fstojnost Petra T\u0159e\u0161\u0148\u00e1ka.<\/p>\n\n\n\n<p><em>\u201eSvobodn\u011b \u010d\u00edst takovou knihu, jakou bychom cht\u011bli, nebylo je\u0161t\u011b relativn\u011b ned\u00e1vno mo\u017en\u00e9. Jsem i proto r\u00e1d, \u017ee jsem na Podzimn\u00edm kni\u017en\u00edm veletrhu mohl jednu z knih o svobod\u011b, kterou mi navrhli kni\u017en\u00ed influence\u0159i, ocenit. Vybrat pouze jednu ze \u010dty\u0159 navr\u017een\u00fdch knih pro m\u011b bylo velmi obt\u00ed\u017en\u00e9. Rozhodnut\u00ed ocenit knihu s&nbsp;n\u00e1zvem D\u016fstojnost od Petra T\u0159e\u0161\u0148\u00e1ka bylo nakonec zp\u016fsobeno t\u00e9matem a probl\u00e9my, kter\u00e9 kniha otev\u0159en\u011b popisuje a pojmenov\u00e1v\u00e1,\u201c <\/em>uvedl p\u0159edseda Sen\u00e1tu <strong>Milo\u0161 Vystr\u010dil<\/strong>.<\/p>\n\n\n\n<p>V knize D\u016fstojnost novin\u00e1\u0159 <strong>Petr T\u0159e\u0161\u0148\u00e1k<\/strong> vypr\u00e1v\u00ed p\u0159\u00edb\u011bhy dvou \u017een s intelektov\u00fdm posti\u017een\u00edm a&nbsp;popisuje, \u017ee zem\u0159ely v d\u016fsledku nevhodn\u011b nastaven\u00e9ho syst\u00e9mu podpory v \u010desk\u00e9m zdravotnictv\u00ed a za\u0159\u00edzen\u00edch soci\u00e1ln\u00ed p\u00e9\u010de. V knize z\u00e1rove\u0148 nab\u00edz\u00ed p\u0159\u00edklady dobr\u00e9 praxe a n\u00e1vrhy na syst\u00e9mov\u00e9 zlep\u0161en\u00ed.<\/p>\n\n\n\n<p>V\u00edce informac\u00ed na str\u00e1nk\u00e1ch Sen\u00e1tu: <a href=\"https:\/\/www.senat.cz\/zpravodajstvi\/zprava.php?ke_dni=13.10.2025&amp;O=15&amp;id=3964&amp;from=V\">Sen\u00e1t P\u010cR : Aktualita: P\u0159edseda Sen\u00e1tu na veletrhu ocenil knihu o svobod\u011b, vybral d\u00edlo popisuj\u00edc\u00ed syst\u00e9movou p\u00e9\u010di o lidi s n\u00e1ro\u010dn\u00fdm chov\u00e1n\u00edm<\/a><\/p>\n\n\n\n<p>Influence\u0159i: <\/p>\n\n\n\n<p><strong>\u0160t\u011bp\u00e1nka Fefferov\u00e1<\/strong> <a href=\"https:\/\/www.instagram.com\/tady_je_stepancino\/\" data-type=\"URL\" data-id=\"https:\/\/www.instagram.com\/tady_je_stepancino\/\">@tady_je_stepancino<\/a>, <strong>Jakub Pavlovsk\u00fd<\/strong><a href=\"https:\/\/www.facebook.com\/bookscalling\/\" data-type=\"URL\" data-id=\"https:\/\/www.facebook.com\/bookscalling\/\">  BOOK\u00b4s CALLING<\/a>, <strong>Old\u0159ich Such\u00fd<\/strong> <a href=\"https:\/\/zaniceny-knihkupec.webnode.cz\/\" data-type=\"URL\" data-id=\"https:\/\/zaniceny-knihkupec.webnode.cz\/\">zanicenyknihkupec<\/a> a <strong>Kamila V\u00ed\u0161kov\u00e1<\/strong> <a href=\"https:\/\/www.facebook.com\/hlavaplnaknih\/\" data-type=\"URL\" data-id=\"https:\/\/www.facebook.com\/hlavaplnaknih\/\">hlavaplnaknih<\/a>.<\/p>\n","protected":false},"excerpt":{"rendered":"<p>V\u00fdznamnou novinkou 35. Podzimn\u00edho kni\u017en\u00edho veletrhu byla cena p\u0159edsedy Sen\u00e1tu Milo\u0161e Vystr\u010dila za knihu o svobod\u011b. Letos se ud\u00edlela poprv\u00e9 a z\u00edskal ji Petr T\u0159e\u0161\u0148\u00e1k za knihu D\u016fstojnost (vydalo Druh\u00e9 m\u011bsto). Knihy na Cenu p\u0159edsedy Sen\u00e1tu za knihu o svobod\u011b nominovali \u010dty\u0159i \u201ebookfluence\u0159i\u201c \u0160t\u011bp\u00e1nka Fefferov\u00e1, Jakub Pavlovsk\u00fd, Old\u0159ich Such\u00fd a Kamila V\u00ed\u0161kov\u00e1. Vyb\u00edrat mohli z &hellip; <a href=\"http:\/\/www.hejkal.cz\/veletrh\/cena-predsedy-senatu-za-knihu-o-svobode\/\" class=\"more-link\">Pokra\u010dov\u00e1n\u00ed textu <span class=\"screen-reader-text\">Cena p\u0159edsedy Sen\u00e1tu za knihu o svobod\u011b<\/span><\/a><\/p>\n","protected":false},"author":3,"featured_media":0,"parent":0,"menu_order":0,"comment_status":"closed","ping_status":"closed","template":"","meta":[],"_links":{"self":[{"href":"http:\/\/www.hejkal.cz\/veletrh\/wp-json\/wp\/v2\/pages\/2730"}],"collection":[{"href":"http:\/\/www.hejkal.cz\/veletrh\/wp-json\/wp\/v2\/pages"}],"about":[{"href":"http:\/\/www.hejkal.cz\/veletrh\/wp-json\/wp\/v2\/types\/page"}],"author":[{"embeddable":true,"href":"http:\/\/www.hejkal.cz\/veletrh\/wp-json\/wp\/v2\/users\/3"}],"replies":[{"embeddable":true,"href":"http:\/\/www.hejkal.cz\/veletrh\/wp-json\/wp\/v2\/comments?post=2730"}],"version-history":[{"count":5,"href":"http:\/\/www.hejkal.cz\/veletrh\/wp-json\/wp\/v2\/pages\/2730\/revisions"}],"predecessor-version":[{"id":3090,"href":"http:\/\/www.hejkal.cz\/veletrh\/wp-json\/wp\/v2\/pages\/2730\/revisions\/3090"}],"wp:attachment":[{"href":"http:\/\/www.hejkal.cz\/veletrh\/wp-json\/wp\/v2\/media?parent=2730"}],"curies":[{"name":"wp","href":"https:\/\/api.w.org\/{rel}","templated":true}]}}

Cena předsedy Senátu za knihu o svobodě

<p>Významnou novinkou 35. Podzimního knižního veletrhu byla <strong>cena předsedy Senátu Miloše Vystrčila za knihu o svobodě</strong>. Letos se udílela poprvé a získal ji <strong>Petr Třešňák</strong> za knihu Důstojnost (vydalo Druhé město).</p>



<p>Knihy na Cenu předsedy Senátu za knihu o svobodě nominovali čtyři „bookfluenceři“ <strong>Štěpánka Fefferová</strong>, <strong>Jakub Pavlovský</strong>, <strong>Oldřich Suchý</strong> a <strong>Kamila Víšková</strong>. Vybírat mohli z původních českých děl, ve kterých oni osobně spatřují téma svobody, a která zároveň vyšla v období od ledna 2024 do srpna 2025. Žánr knih nebyl omezen. Nominovali čtyři knihy – „dokumentární povídky“ Buď připraven k udání Miloše Doležala (Host), povídky Barbory Šťastné Prstýnek z drátu (Argo a Post bellum) a román Kláry Elšíkové Pacanka (Host) a Důstojnost Petra Třešňáka.</p>



<p><em>„Svobodně číst takovou knihu, jakou bychom chtěli, nebylo ještě relativně nedávno možné. Jsem i proto rád, že jsem na Podzimním knižním veletrhu mohl jednu z knih o svobodě, kterou mi navrhli knižní influenceři, ocenit. Vybrat pouze jednu ze čtyř navržených knih pro mě bylo velmi obtížné. Rozhodnutí ocenit knihu s&nbsp;názvem Důstojnost od Petra Třešňáka bylo nakonec způsobeno tématem a problémy, které kniha otevřeně popisuje a pojmenovává,“ </em>uvedl předseda Senátu <strong>Miloš Vystrčil</strong>.</p>



<p>V knize Důstojnost novinář <strong>Petr Třešňák</strong> vypráví příběhy dvou žen s intelektovým postižením a&nbsp;popisuje, že zemřely v důsledku nevhodně nastaveného systému podpory v českém zdravotnictví a zařízeních sociální péče. V knize zároveň nabízí příklady dobré praxe a návrhy na systémové zlepšení.</p>



<p>Více informací na stránkách Senátu: <a href="https://www.senat.cz/zpravodajstvi/zprava.php?ke_dni=13.10.2025&amp;O=15&amp;id=3964&amp;from=V">Senát PČR : Aktualita: Předseda Senátu na veletrhu ocenil knihu o svobodě, vybral dílo popisující systémovou péči o lidi s náročným chováním</a></p>



<p>Influenceři: </p>



<p><strong>Štěpánka Fefferová</strong> <a href="https://www.instagram.com/tady_je_stepancino/" data-type="URL" data-id="https://www.instagram.com/tady_je_stepancino/">@tady_je_stepancino</a>, <strong>Jakub Pavlovský</strong><a href="https://www.facebook.com/bookscalling/" data-type="URL" data-id="https://www.facebook.com/bookscalling/">  BOOK´s CALLING</a>, <strong>Oldřich Suchý</strong> <a href="https://zaniceny-knihkupec.webnode.cz/" data-type="URL" data-id="https://zaniceny-knihkupec.webnode.cz/">zanicenyknihkupec</a> a <strong>Kamila Víšková</strong> <a href="https://www.facebook.com/hlavaplnaknih/" data-type="URL" data-id="https://www.facebook.com/hlavaplnaknih/">hlavaplnaknih</a>.</p>

<p>Významnou novinkou 35. Podzimního knižního veletrhu byla cena předsedy Senátu Miloše Vystrčila za knihu o svobodě. Letos se udílela poprvé a získal ji Petr Třešňák za knihu Důstojnost (vydalo Druhé město). Knihy na Cenu předsedy Senátu za knihu o svobodě nominovali čtyři „bookfluenceři“ Štěpánka Fefferová, Jakub Pavlovský, Oldřich Suchý a Kamila Víšková. Vybírat mohli z &hellip; <a href="http://www.hejkal.cz/veletrh/cena-predsedy-senatu-za-knihu-o-svobode/" class="more-link">Pokračování textu <span class="screen-reader-text">Cena předsedy Senátu za knihu o svobodě</span></a></p>
